 remainder when 4510 is divided by v.
30
Let o = -69 - -119. Suppose 4*z = -2*w + 30, 3*w = -w - 4. Suppose -59 = -3*y - z. What is the remainder when o is divided by y?
16
What is the remainder when 89 is divided by (1575/350)/((9/24)/1)?
5
Suppose 4*t + 98*a = 95*a + 573, 3*a = 3*t - 414. What is the remainder when 559 is divided by t?
136
Calculate the remainder when (-1904)/(3 + -19) + 4*2 is divided by 35.
22
Suppose 4*p + 2*t = -3*t + 161, 3*p = 5*t + 112. Suppose -49*w = -58*w + 54. Calculate the remainder when p is divided by w.
3
Let i = 8423 + -8370. Calculate the remainder when 527 is divided by i.
50
Suppose -34*x + 6117 = -19*x - 1488. What is the remainder when x is divided by 57?
51
Suppose -2*s + 369*j = 364*j - 98, -j = 4*s - 152. What is the remainder when s is divided by 77/3 + (-2)/3?
14
What is the remainder when 860 is divided by 4*4*(-11)/44*-34?
44
Let o be (0 - 51)*(330/(-18) - -7). Let l = o - 512. Calculate the remainder when l is divided by 6.
0
Let o be (-240)/17 + 2/17. Let h be (-7)/o - (-26)/4. Suppose -2*u = -h*u + 90. What is the remainder when u is divided by 7?
4
Let n = -30061 - -30065. Calculate the remainder when 3280 is divided by n.
0
Suppose 4*d + 4*n = 28 + 28, -2*d + n + 16 = 0. Suppose d = h - 2*l - 24, 0 = 2*h - 3*l - 70. Let k(t) = -7*t. What is the remainder when h is divided by k(-3)?
17
Let o(t) = t**3 + 268. Let s = 673 + -619. What is the remainder when o(0) is divided by s?
52
Let q = -261 - -163. What is the remainder when 151 is divided by -46*35/q - (-4)/7?
15
Suppose 4*s + 256 = 6*s. Suppose 3*l + 4*a = 135 - 53, 27 = l + a. Calculate the remainder when s is divided by l.
24
Calculate the remainder when 2216 is divided by (-355)/(-1420) - (-887)/4.
218
Let t = 990 + -2930. Calculate the remainder when t/(-100) - 2/5 is divided by 7.
5
Let l(c) = -c**3 - 13*c**2 - 3*c - 15. Let p be l(-11). Let f = -121 - p. Calculate the remainder when f is divided by 13.
12
Let z(o) = 45*o - 3. Let r(x) = -363*x - 98. Let w be r(2). Let g = w + 837. What is the remainder when z(2) is divided by g?
9
Let t(x) = -18*x - 1231. What is the remainder when t(-121) is divided by 80?
67
Calculate the remainder when 372 is divided by (-2)/(1 + 13) - (687/(-7) - -25).
7
Suppose -55*o - 3752 = -111*o. What is the remainder when 572 is divided by o?
36
Suppose 5*f + x = 334, -62 = -0*f - f - 5*x. Let w = 93 - f. Suppose 170 = 31*k - w*k. What is the remainder when 65 is divided by k?
31
Let m = -32 + 15. Let j = m - -63. Let r = -23134 + 23223. What is the remainder when r is divided by j?
43
Suppose -6887 = -36*s - 1379. Let p(n) = -n - 3. Let q be p(-6). Suppose -2*x + 58 = 5*w, 3*x = q*w - 0*w + 129. What is the remainder when s is divided by x?
36
Let s = -90 + 101. Let n be (-14)/(-35) - (-3)/5. Suppose 0 = -3*j - 2*b - n, 3*b - 5 = -20. What is the remainder when s is divided by j?
2
Suppose 6 = -2*v + 5*v, -2*r + 2356 = 2*v. What is the remainder when r is divided by 20?
16
Suppose -208 = -4*l + 364. Suppose 65 = 5*p - 6*p - 3*b, b - 277 = 5*p. Let s = p - -92. What is the remainder when l is divided by s?
35
Let f(r) = -19*r + 156. What is the remainder when 173 is divided by f(8)?
1
Let f(o) = -5*o - 11. Suppose -5*d = -0*d + 135. Let r = -32 - d. What is the remainder when 82 is divided by f(r)?
12
Let c be -6 + 16 + (-4 - 3). Calculate the remainder when 10/c*(730/20 - 2) is divided by 35.
10
Suppose 0 = -2*d + 3*o + 483, 2*d - 346 = o + 139. Suppose 0*j + 2*q = 3*j - 115, -j + 2*q + 45 = 0. Calculate the remainder when d is divided by j.
33
Suppose -648 = -7*w + 1242. Suppose 0 = -26*n + w + 94. Calculate the remainder when 82 is divided by n.
12
Let z(w) = w**3 + 30*w**2 + 4*w - 64. Calculate the remainder when z(-7) is divided by 15.
0
Suppose -517 = -22*x - 11. What is the remainder when 94 is divided by x?
2
Let v(w) = 3*w + 4. Let q be v(-4). Calculate the remainder when 14 + 1 - (7 - 8) is divided by (q/12)/(1/(81/(-6))).
7
Suppose 0 = -11*d + 13*d - 8. What is the remainder when 472/d - (-9 - -9) is divided by 12?
10
Suppose 165*g - 21380 = 13827 - 7322. Calculate the remainder when g is divided by 66.
37
Let y be (-56)/7 - -6 - -6. What is the remainder when 12/30 - (2372/(-20) - y) is divided by 1*7*8/4?
11
Let q(t) = -2*t**3 - 15*t**2 - 38*t - 110. Calculate the remainder when 1889 is divided by q(-6).
9
Let y(v) = 737*v**3 + v**2 + 5*v - 7. Let t be y(1). Let a = t + -593. What is the remainder when a is divided by 77?
66
Let f(z) = -3*z + 52 - 8 + 13 + 0*z. What is the remainder when 73 is divided by f(6)?
34
Let z(a) = -2*a**2 - 29*a - 12. Let t be ((-4)/5)/(6/(-60)). What is the remainder when 426/4 + (-4)/t is divided by z(-13)?
25
Let n(p) = -p**2 - 10*p - 11. Let b = 123 - 55. Let k = 122 - b. What is the remainder when k is divided by n(-5)?
12
Suppose 228 = 21*u - 17*u. Suppose u + 43 = 5*y. Calculate the remainder when y is divided by 5.
0
Let o = -62 + 84. Suppose 48 = 4*k - 5*k. Let d = k - -89. What is the remainder when d is divided by o?
19
Let y = 34 + 10. Suppose y = 42*a - 40*a. Calculate the remainder when 85 is divided by a.
19
Let s = -5910 + 5961. Calculate the remainder when 968 is divided by s.
50
Calculate the remainder when 1196/6 + 1/(-3) is divided by 684/(-76) + -3 + 79.
65
Let v(w) = 194*w**2 + w - 1. Let q = 62 - 111. Let o = -10 - q. What is the remainder when v(-1) is divided by o?
36
Let y(x) = x**2 + 8*x + 21. Let v be y(-5). Suppose -36 = v*u - 8*u. Let o = u + -2. Calculate the remainder when 60 is divided by o.
12
Let y = -316 + 280. Calculate the remainder when 704/24*y/(-8) is divided by 27.
24
Let x(o) = -12*o + 1. Let d be x(0). Let p(m) = 302*m**2 + 7*m - 4. Calculate the remainder when p(d) is divided by 17.
16
Suppose 5*i - 243 = 217. Suppose -5*f - i = 2*r, 3*r = -2*f - 14 - 14. What is the remainder when 29 is divided by f*(4/18 - 112/180)?
5
Suppose 2*w - 152 = -2*x - 116, 4*x + 36 = 0. Calculate the remainder when 2402 is divided by w.
26
Let i be -4 + -3 - (1 - 5) - 9. Calculate the remainder when 178 is divided by (-32)/i*(-45)/(-4).
28
Suppose 2*w - 81 = -3*c, 25*w - 21*w - 63 = 5*c. Calculate the remainder when 920 is divided by w.
2
Let i(t) = -5*t. Let r = 85 + -92. What is the remainder when (-4 - r)*(-87)/(-9) is divided by i(-2)?
9
Let o(f) = 9*f - 34. Let y be o(4). Let i(q) = 24*q**2 + 22*q**2 - 43*q**y. Calculate the remainder when 76 is divided by i(-3).
22
Let b(s) = 14*s + 4. Let q be b(4). Let k be (46 - 0) + 12/204*34. Let g = q - k. What is the remainder when 165 is divided by g?
9
Calculate the remainder when 1431 is divided by (-189)/((-45)/(-5))*20/(-12).
31
Suppose 6528 + 7584 = 18*n. What is the remainder when 3153 is divided by n?
17
Calculate the remainder when 96*(7 + 5/(-15)*19) is divided by 31.
2
Calculate the remainder when 15*(4 - (-4 + (-70)/25)) is divided by (-2)/(6/(-369)*3).
39
Let p(f) = f**2 + 2*f - 8. Let q be p(-4). Suppose q = -g + 7 - 0. Suppose -m + g = -3. Calculate the remainder when 36 is divided by m.
6
Let v(k) = 2*k + 14. Let w = -370 + 565. Let i = w - 109. Calculate the remainder when i is divided by v(4).
20
Let z = -5818 - -5849. What is the remainder when 35184 is divided by z?
30
Let g(v) = 3*v + 66. Let k be g(-21). Suppose -k*m - 2*h = -75 - 35, -5*h = -m + 14. Calculate the remainder when 132 is divided by m.
30
Suppose 50 = 6*h - 4. Let s be (5/3 - h/(-27))*4. Let j = 12 - s. What is the remainder when 19 is divided by j?
3
Suppose 2*t - 17*t = 30. Let h be t/5 - (-465)/(-25). Let u(w) = -w**3 - 18*w**2 + 18*w - 13. Calculate the remainder when 19 is divided by u(h).
1
Let b(q) = -q**3 + 51*q**2 - 645*q - 106. What is the remainder when 2149 is divided by b(26)?
13
Suppose g - 8 + 11 = 0, 4*s - 3*g = 169. Let h be (0 - -5)*(-44)/10. What is the remainder when s is divided by (-468)/(-33) + 4/h?
12
Suppose 425 - 545 = -24*s. What is the remainder when 19 is divided by s?
4
Let o(z) be the third derivative of 0 - 1/30*z**5 + 5/8*z**4 + 3/2*z**3 + 0*z - 10*z**2. What is the remainder when o(7) is divided by 6?
4
Suppose -4*w + 4*k - 76 = 0, 55*w = 59*w - 2*k + 70. Calculate the remainder when (-4)/(-2)*(-152)/w is divided by 7.
5
Suppose r - 6 - 20 = -d, -3*d + 4*r + 85 = 0. Suppose c 